).
25
Let s(b) = b**3 - 3*b**2 - 4*b - 4. Give s(4).
-4
Let o(c) = -48*c + 431. Give o(9).
-1
Let p(t) = -12*t + 57. Determine p(5).
-3
Let q(s) = s**3 + s**2 - 6*s + 3. Determine q(-5).
-67
Let k(d) = d**2 + 8*d + 19. Give k(-2).
7
Let q(n) = -5*n - 60. Determine q(5).
-85
Let l(m) = -4*m**2 - 14*m + 9. Determine l(-4).
1
Let n(i) = -5*i**3 + 2*i**2 + 8*i - 14. Calculate n(3).
-107
Let c(r) = -30*r - 23. Calculate c(-1).
7
Let z(s) = -3*s**2 + 43*s - 118. Give z(3).
-16
Let a(r) = -2*r**3 - 12*r**2 - r - 7. What is a(-6)?
-1
Let i(g) = -2*g**2 + 52*g - 96. Determine i(24).
0
Let v(o) = -o**3 - 7*o**2 + 9*o - 3. Determine v(-8).
-11
Let y(t) = t**3 - 14*t**2 - 15*t - 1. Calculate y(15).
-1
Let o(y) = -y**3 - 6*y**2 - 2*y - 17. Give o(-4).
-41
Let n(r) = 2*r + 22. Calculate n(-11).
0
Let k(o) = 4*o + 3. Give k(3).
15
Let p(v) = v**3 + 12*v**2 + 8*v - 7. What is p(-3)?
50
Let b(h) = 3*h + 41. Determine b(-11).
8
Let u(x) = -x**2 - 8*x + 27. Give u(5).
-38
Let d(b) = -b - 5. What is d(15)?
-20
Let n(x) = x**2 - 25*x - 35. Calculate n(26).
-9
Let r(n) = -n**2 + 3*n + 3. Give r(4).
-1
Let b(a) = -a**3 - 7*a**2 - a + 10. What is b(-7)?
17
Let x(k) = -k**3 - 2*k**2 - 34*k - 68. Give x(-2).
0
Let c(v) = -3*v**3 - 8*v**2 - 3*v + 4. What is c(-2)?
2
Let p(d) = -4*d - 74. Give p(-13).
-22
Let l(n) = -n**3 + 18*n**2 + 3*n - 3. Calculate l(18).
51
Let d(j) = j**3 + j**2 - 4*j. Calculate d(-2).
4
Let w(z) = z**3 + z**2 + 3*z + 6. Calculate w(-3).
-21
Let x(r) = r**3 + 9*r**2 + 6*r + 2. Calculate x(-8).
18
Let f(s) = s**3 + 17*s**2 - 114*s - 92. What is f(-22)?
-4
Let x(d) = d**2 + 9*d + 4. Calculate x(-8).
-4
Let m(q) = 25*q + 202. Give m(-8).
2
Let k(a) = a**3 - 13*a**2 + 13*a - 11. What is k(12)?
1
Let n(v) = v**3 + 15*v. Determine n(0).
0
Let u(p) = 9*p**3 - p**2 + p + 1. Calculate u(-1).
-10
Let b(i) = -2*i**2 - 3*i + 4. What is b(-3)?
-5
Let r(q) = q**2 + 7*q - 62. What is r(-12)?
-2
Let y(l) = -l**3 - l**2 - l - 14. Give y(0).
-14
Let m(t) = t**3 + 6*t**2 - t. Calculate m(-6).
6
Let a(z) = z**2 + 6*z - 3. Give a(-7).
4
Let g(n) = n**2 - 27*n + 36. Calculate g(29).
94
Let j(d) = d**2 + 6*d - 4. Calculate j(-8).
12
Let v(a) = -a**3 - 24*a**2 + 9*a + 44. What is v(-24)?
-172
Let c(u) = -u**3 + 23*u**2 - 20*u - 39. What is c(22)?
5
Let d(o) = 12*o + 1. What is d(1)?
13
Let s(w) = -2*w - 5. What is s(8)?
-21
Let s(y) = 6*y - 2. Determine s(2).
10
Let f(j) = -j**3 + 28*j**2 - 2*j + 53. Calculate f(28).
-3
Let x(y) = 10*y + 6. Determine x(-5).
-44
Let s(g) = g**3 + 4*g**2 - 17*g + 5. Determine s(-7).
-23
Let j(p) = -p**2 - 10*p - 9. Determine j(-10).
-9
Let y(w) = 79*w + 306. Give y(-4).
-10
Let y(f) = f**2 - 6*f - 6. Determine y(-2).
10
Let p(s) = 41*s + 82. What is p(-2)?
0
Let p(y) = y**2 - 24*y + 72. Determine p(19).
-23
Let a(o) = -2*o**3 - 11*o**2 + 9*o + 19. Determine a(-6).
1
Let l(f) = -f**2 - 14*f + 47. Give l(-16).
15
Let g(k) = -k**3 + 6*k**2 + k + 4. Calculate g(6).
10
Let s(q) = q**2 - 6*q + 6. Calculate s(3).
-3
Let c(s) = s**3 + s**2 - s + 98. Calculate c(0).
98
Let i(h) = -h**2 + 9*h + 6. Calculate i(-6).
-84
Let o(k) = -k + 6. Give o(-8).
14
Let o(j) = 40*j**2 - j. Determine o(1).
39
Let u(v) = -v**3 + 7*v**2 + 2*v + 13. Calculate u(6).
61
Let t(q) = q**3 - 15*q**2 + q - 10. What is t(15)?
5
Let i(b) = -b - 2. Determine i(3).
-5
Let y(i) = i**3 + 10*i**2 + 2*i + 6. Determine y(-10).
-14
Let f(n) = n**3 - 15*n**2 - 27*n - 16. Give f(17).
103
Let f(k) = -10*k + 6. What is f(6)?
-54
Let g(a) = 2*a**2 - 15*a - 19. Determine g(8).
-11
Let m(d) = -8*d + 4. Calculate m(-8).
68
Let d(v) = -6*v**3 + v. Give d(-1).
5
Let t(v) = -v**2 + 50*v - 214. Calculate t(5).
11
Let v(s) = -s**2 + 14*s - 29. Give v(4).
11
Let i(y) = -y**2 + y + 17. What is i(5)?
-3
Let s(d) = -4*d - 8. Calculate s(5).
-28
Let p(q) = q - 78. Calculate p(0).
-78
Let c(r) = -2*r**3 + 48*r**2 + 49*r + 21. Give c(25).
-4
Let p(z) = 12*z - 46. Give p(4).
2
Let f(u) = -12*u - 58. What is f(-8)?
38
Let q(y) = -y**2 + 3*y + 22. What is q(9)?
-32
Let s(l) = -l**3 + 2*l + 5. Determine s(-4).
61
Let w(i) = i**3 + 8*i**2 + 5*i + 2. Calculate w(-5).
52
Let b(i) = i**3 + 2*i**2 - 14*i - 3. Determine b(-5).
-8
Let o(r) = -r**2 + 17*r - 14. Determine o(15).
16
Let g(c) = -218*c - 878. What is g(-4)?
-6
Let f(i) = -13*i + 376. What is f(28)?
12
Let a(s) = -s**3 - s**2 + 2*s - 8. Determine a(0).
-8
Let j(w) = w**3 + w**2 - 15*w - 7. Calculate j(-4).
5
Let q(y) = -16*y**3 + 1. Calculate q(-1).
17
Let u(n) = n**2 + 10*n - 95. Determine u(-16).
1
Let w(k) = k**3 - 5*k**2 - 6*k + 28. Determine w(6).
28
Let q(b) = -b**3 + 12*b**2 + 11*b + 23. Determine q(13).
-3
Let b(l) = 2*l + 13. Determine b(-3).
7
Let k(v) = 7*v + 2. Calculate k(-1).
-5
Let p(h) = h**3 - 4*h**2 - 4*h + 3. Calculate p(5).
8
Let q(a) = a**2 - 8*a - 248. Calculate q(-12).
-8
Let j(t) = 12*t**2 - 1. What is j(-1)?
11
Let l(f) = f. Determine l(-4).
-4
Let s(y) = -y**2 + y - 4. Determine s(4).
-16
Let m(y) = y - 14. Calculate m(4).
-10
Let i(d) = d**2 + 9*d - 36. What is i(-11)?
-14
Let c(n) = -n**3 + n**2 + n - 1. Calculate c(-2).
9
Let d(p) = p**2 + 20*p + 8. Calculate d(-11).
-91
Let p(t) = t**3 + 16*t**2 + 3*t + 55. What is p(-16)?
7
Let i(u) = u**3 + 13*u**2 + u + 16. Calculate i(-13).
3
Let r(t) = 8*t + 4. Calculate r(3).
28
Let y(w) = -w**2 + 43*w - 172. Determine y(38).
18
Let o(i) = i**2 - 13*i - 19. Calculate o(11).
-41
Let x(l) = l**3 - 17*l**2 + 50*l + 2. Calculate x(13).
-24
Let y(i) = 5*i**2 - 60*i - 7. Determine y(12).
-7
Let k(n) = 2*n**2 - 3*n - 5. Determine k(-2).
9
Let n(k) = 4*k - 8. Calculate n(6).
16
Let o(h) = h**3 - 6*h**2 - 9*h + 65. Determine o(5).
-5
Let f(d) = d**2 - 6*d - 13. Determine f(7).
-6
Let v(r) = -r**3 - r - 65. Calculate v(0).
-65
Let o(h) = 22*h. What is o(1)?
22
Let u(t) = -10*t + 15. What is u(9)?
-75
Let m(y) = y - 15. Determine m(-15).
-30
Let l(u) = 2*u**3 + u**2 + u - 2. Give l(-2).
-16
Let t(d) = -d**2 - 20*d - 16. What is t(-20)?
-16
Let j(i) = -7*i + 20. Determine j(4).
-8
Let b(t) = 8*t**2 - 45*t - 13. Give b(6).
5
Let f(u) = u**3 + 12*u**2 + 11*u - 2. Calculate f(-11).
-2
Let y(r) = -r**3 - 17*r**2 + 65*r + 100. What is y(-20)?
0
Let f(s) = s**2 + 18*s - 244. Give f(9).
-1
Let u(o) = o**3 - 11*o**2 - 3*o + 27. What is u(11)?
-6
Let y(j) = 73*j**3 + j. What is y(-1)?
-74
Let o(y) = -4*y + 21. Calculate o(8).
-11
Let r(c) = c**2 + 4*c - 11. Determine r(3).
10
Let x(d) = 2*d**2 + 19*d + 14. What is x(-9)?
5
Let o(x) = -x**3 - 7*x**2 + 7*x - 6. Give o(-8).
2
Let a(k) = k**3 + 6*k**2 - 40*k + 12. What is a(-10)?
12
Let u(w) = 4*w + 26. Determine u(-7).
-2
Let h(b) = 5*b**2 - 9*b + 3. Give h(2).
5
Let v(a) = -a**2 + 6*a + 46. What is v(-9)?
-89
Let k(x) = -x**3 + 5*x**2 - x - 4. What is k(4)?
8
Let v(s) = s**3 + 10*s**2 + 2*s + 14. Give v(-10).
-6
Let d(c) = -c**2 - 7*c + 29. What is d(-11)?
-15
Let m(d) = 3*d**2 - 3*d + 2. Give m(2).
8
Let f(z) = -16*z + 624. Determine f(39).
0
Let m(d) = d**3 + 4*d**2 + 5*d + 1. Calculate m(-3).
-5
Let o(r) = r**3 - 6*r**2 + 3*r - 6. Give o(5).
-16
Let f(m) = 25*m + 126. Determine f(-5).
1
Let q(p) = p**3 + 7*p**2 + p + 3. Give q(-7).
-4
Let d(z) = z**2 + 12*z - 153. What is d(-20)?
7
Let k(t) = -4*t + 62. Calculate k(7).
34
Let p(q) = 2*q - 4. What is p(3)?
2
Let p(y) = -2*y - 30. What is p(-12)?
-6
Let u(p) = -p**3 - 3*p**2 + 49*p + 76. Calculate u(-8).
4
Let s(z) = z**3 - 7*z**2 - 8*z - 7. What is s(8)?
-7
Let r(h) = -16*h. What is r(-2)?
32
Let q(x) = 3*x**3 - 23*x**2 - 11*x + 6. What is q(8)?
-18
Let t(g) = g**2 - 10*g + 9. Determine t(4).
-15
Let v(i) = 6*i + 140. Calculate v(-23).
2
Let o(a) = 7*a - 99. What is o(14)?
-1
Let y(j) = -2*j**3 - 34*j**2 - 33*j - 12. Give y(-16).
4
Let t(s) = s**3 + 5*s**2 + 5*s + 5. Give t(-3).
8
Let n(r) = -r**3 - 6*r**2 + 3. Give n(-6).
3
Let f(d) = d**3 + 7*d**2 + 6*d + 14. Calculate f(-6).
14
Let v(t) = 19*t**2 + t + 1. Calculate v(-1).
19
Let j(s) = 7*s - 8. Calculate j(-5).
-43
Let r(o) = -o**3 - 3*o**2 + 4*o - 6. What is r(-4)?
-6
Let c(n) = 3*n**2 - 9*n - 3. Calculate c(8).
117
Let a(n) = -49*n - 516. Give a(-11).
23
Let t(p) = -4*p**3 + 57*p**2 - 12*p - 25. Calculate t(14).
3
Let p(x) = x - 9. Determine p(-12).
-21
Let n(h) = -h - 9. Determine n(-21).
12
Let l(i) = 3*i + 22. Give l(-9).
-5
Let a(f) = -f**3 - 